{"id":6591,"date":"2014-11-26T15:43:57","date_gmt":"2014-11-26T15:43:57","guid":{"rendered":"https:\/\/radek-kolar.cz\/domains\/radek-kolar.cz\/make-an-appointment\/"},"modified":"2025-11-04T14:19:50","modified_gmt":"2025-11-04T13:19:50","slug":"rezervace","status":"publish","type":"page","link":"https:\/\/radek-kolar.cz\/domains\/radek-kolar.cz\/rezervace\/","title":{"rendered":"Rezervace"},"content":{"rendered":"\n<style type=\"text\/css\" data-created_by=\"avia_inline_auto\" id=\"style-css-av-c5r3m7-ce7357ef5f16fc684448e5e211066a53\">\n.avia-section.av-c5r3m7-ce7357ef5f16fc684448e5e211066a53{\nbackground-repeat:no-repeat;\nbackground-image:url(https:\/\/radek-kolar.cz\/domains\/radek-kolar.cz\/wp-content\/uploads\/2014\/07\/radek.jpg);\nbackground-position:50% 0%;\nbackground-attachment:scroll;\n}\n<\/style>\n<div id='av_section_1'  class='avia-section av-c5r3m7-ce7357ef5f16fc684448e5e211066a53 main_color avia-section-default avia-no-shadow  avia-builder-el-0  el_before_av_one_half  avia-builder-el-first  avia-bg-style-scroll av-minimum-height av-minimum-height-custom av-height-custom  container_wrap sidebar_right'  data-section-bg-repeat='no-repeat' data-av_minimum_height_px='560'><div class='container av-section-cont-open' style='height:560px'><main  role=\"main\" itemprop=\"mainContentOfPage\"  class='template-page content  av-content-small alpha units'><div class='post-entry post-entry-type-page post-entry-6591'><div class='entry-content-wrapper clearfix'>\n\n<style type=\"text\/css\" data-created_by=\"avia_inline_auto\" id=\"style-css-av-13jysv-77f4b403d0e508effe7b7a402c53411c\">\n#top .av-special-heading.av-13jysv-77f4b403d0e508effe7b7a402c53411c{\npadding-bottom:100px;\ncolor:#edae44;\nfont-size:60px;\n}\nbody .av-special-heading.av-13jysv-77f4b403d0e508effe7b7a402c53411c .av-special-heading-tag .heading-char{\nfont-size:25px;\n}\n#top #wrap_all .av-special-heading.av-13jysv-77f4b403d0e508effe7b7a402c53411c .av-special-heading-tag{\nfont-size:60px;\n}\n.av-special-heading.av-13jysv-77f4b403d0e508effe7b7a402c53411c .special-heading-inner-border{\nborder-color:#edae44;\n}\n.av-special-heading.av-13jysv-77f4b403d0e508effe7b7a402c53411c .av-subheading{\nfont-size:15px;\n}\n\n@media only screen and (min-width: 480px) and (max-width: 767px){ \n#top #wrap_all .av-special-heading.av-13jysv-77f4b403d0e508effe7b7a402c53411c .av-special-heading-tag{\nfont-size:0.8em;\n}\n}\n\n@media only screen and (max-width: 479px){ \n#top #wrap_all .av-special-heading.av-13jysv-77f4b403d0e508effe7b7a402c53411c .av-special-heading-tag{\nfont-size:0.8em;\n}\n}\n<\/style>\n<div  class='av-special-heading av-13jysv-77f4b403d0e508effe7b7a402c53411c av-special-heading-h2 custom-color-heading blockquote modern-quote  avia-builder-el-1  avia-builder-el-no-sibling  av-inherit-size'><h2 class='av-special-heading-tag '  itemprop=\"headline\"  >Rezervace<\/h2><div class=\"special-heading-border\"><div class=\"special-heading-inner-border\"><\/div><\/div><\/div>\n<\/div><\/div><\/main><!-- close content main element --><\/div><\/div><div id='after_section_1'  class='main_color av_default_container_wrap container_wrap sidebar_right'  ><div class='container av-section-cont-open' ><div class='template-page content  av-content-small alpha units'><div class='post-entry post-entry-type-page post-entry-6591'><div class='entry-content-wrapper clearfix'>\n\n<style type=\"text\/css\" data-created_by=\"avia_inline_auto\" id=\"style-css-av-925e9r-0965ebc282acec2c7bd785b328764e61\">\n.flex_column.av-925e9r-0965ebc282acec2c7bd785b328764e61{\nborder-radius:0px 0px 0px 0px;\npadding:0px 0px 0px 0px;\n}\n<\/style>\n<div  class='flex_column av-925e9r-0965ebc282acec2c7bd785b328764e61 av_one_half  avia-builder-el-2  el_after_av_section  el_before_av_one_half  avia-builder-el-first  first flex_column_div av-zero-column-padding  '     ><section  class='av_textblock_section av-87ypwf-3c46ae5e2ca2f30bc75a086b0fec5c2e '   itemscope=\"itemscope\" itemtype=\"https:\/\/schema.org\/CreativeWork\" ><div class='avia_textblock'  itemprop=\"text\" ><p>Z d\u016fvodu p\u0159echodu na nov\u00fd syst\u00e9m je rezervace mo\u017en\u00e1<br \/>\n<strong>pouze telefonicky na recepci Taiji Akademie<\/strong>:<\/p>\n<p>Tel.: 777 053 225<\/p>\n<p>D\u011bkujeme V\u00e1m<\/p>\n<\/div><\/section><\/div>\n\n<style type=\"text\/css\" data-created_by=\"avia_inline_auto\" id=\"style-css-av-6df3m7-e95fa3b556dc8e53235880884af487da\">\n.flex_column.av-6df3m7-e95fa3b556dc8e53235880884af487da{\nborder-radius:0px 0px 0px 0px;\npadding:0px 0px 0px 0px;\n}\n<\/style>\n<div  class='flex_column av-6df3m7-e95fa3b556dc8e53235880884af487da av_one_half  avia-builder-el-4  el_after_av_one_half  avia-builder-el-last  flex_column_div av-zero-column-padding  '     ><p>\n<style type=\"text\/css\" data-created_by=\"avia_inline_auto\" id=\"style-css-av-2ckc4v-dce8af59bbdcb79085df7939e7e77305\">\n#top .av-special-heading.av-2ckc4v-dce8af59bbdcb79085df7939e7e77305{\npadding-bottom:10px;\n}\nbody .av-special-heading.av-2ckc4v-dce8af59bbdcb79085df7939e7e77305 .av-special-heading-tag .heading-char{\nfont-size:25px;\n}\n.av-special-heading.av-2ckc4v-dce8af59bbdcb79085df7939e7e77305 .av-subheading{\nfont-size:15px;\n}\n<\/style>\n<div  class='av-special-heading av-2ckc4v-dce8af59bbdcb79085df7939e7e77305 av-special-heading-h2 blockquote modern-quote  avia-builder-el-5  el_before_av_textblock  avia-builder-el-first '><h2 class='av-special-heading-tag '  itemprop=\"headline\"  >Cena<\/h2><div class=\"special-heading-border\"><div class=\"special-heading-inner-border\"><\/div><\/div><\/div><br \/>\n<section  class='av_textblock_section av-2f2klb-37fc7d3e2dcc1eaf22f2612bd20312da '   itemscope=\"itemscope\" itemtype=\"https:\/\/schema.org\/CreativeWork\" ><div class='avia_textblock'  itemprop=\"text\" ><p>Z\u00e1kladn\u00ed lekce zahrnuje priv\u00e1tn\u00ed v\u00fduku a cvi\u010den\u00ed v mal\u00e9m zrcadlov\u00e9m s\u00e1le Taiji Akademie. Z\u00e1pis z hodiny s doporu\u010den\u00edm pro dom\u00e1c\u00ed cvi\u010den\u00ed e-mailem. Dobr\u00fd \u010daj \ud83d\ude42<\/p>\n<p><strong>Cena soukrom\u00e9 lekce (60 minut) 1.500,- K\u010d (1 osoba), pro studenty Taiji Akademie s platn\u00fdm p\u0159edplatn\u00fdm Pr\u00e9mium 1100 K\u010d<\/strong><\/p>\n<hr \/>\n<p>Objednejte\u00a0si svou lekci on-line nebo po telefonu: 603 553 225 (Radek Kol\u00e1\u0159)<br \/>\nPokud v\u00e1h\u00e1te, nab\u00edz\u00edm V\u00e1m \u00favodn\u00ed 15-20 min. setk\u00e1n\u00ed\u00a0zdarma <em>(nutno dohodnout po telefonu)<\/em>.<br \/>\nNa v\u00fduce ve \u0161kole <a href=\"http:\/\/www.talavan.cz\/\">TALAVAN<\/a>\u00a0se domluv\u00edme tak\u00e9\u00a0po telefonu &#8211; viz v\u00fd\u0161e.<\/p>\n<\/div><\/section><\/p><\/div>\n","protected":false},"excerpt":{"rendered":"","protected":false},"author":1,"featured_media":0,"parent":0,"menu_order":0,"comment_status":"open","ping_status":"open","template":"","meta":{"footnotes":""},"class_list":["post-6591","page","type-page","status-publish","hentry"],"_links":{"self":[{"href":"https:\/\/radek-kolar.cz\/domains\/radek-kolar.cz\/wp-json\/wp\/v2\/pages\/6591","targetHints":{"allow":["GET"]}}],"collection":[{"href":"https:\/\/radek-kolar.cz\/domains\/radek-kolar.cz\/wp-json\/wp\/v2\/pages"}],"about":[{"href":"https:\/\/radek-kolar.cz\/domains\/radek-kolar.cz\/wp-json\/wp\/v2\/types\/page"}],"author":[{"embeddable":true,"href":"https:\/\/radek-kolar.cz\/domains\/radek-kolar.cz\/wp-json\/wp\/v2\/users\/1"}],"replies":[{"embeddable":true,"href":"https:\/\/radek-kolar.cz\/domains\/radek-kolar.cz\/wp-json\/wp\/v2\/comments?post=6591"}],"version-history":[{"count":26,"href":"https:\/\/radek-kolar.cz\/domains\/radek-kolar.cz\/wp-json\/wp\/v2\/pages\/6591\/revisions"}],"predecessor-version":[{"id":7373,"href":"https:\/\/radek-kolar.cz\/domains\/radek-kolar.cz\/wp-json\/wp\/v2\/pages\/6591\/revisions\/7373"}],"wp:attachment":[{"href":"https:\/\/radek-kolar.cz\/domains\/radek-kolar.cz\/wp-json\/wp\/v2\/media?parent=6591"}],"curies":[{"name":"wp","href":"https:\/\/api.w.org\/{rel}","templated":true}]}}